reatest common divisor of 54 and 2619.
27
What is the greatest common factor of 418 and 1562?
22
What is the greatest common factor of 81 and 288?
9
Calculate the greatest common divisor of 963 and 428.
107
Calculate the highest common factor of 378 and 3276.
126
What is the greatest common factor of 34 and 54?
2
Calculate the highest common factor of 2904 and 40.
8
Calculate the highest common factor of 14125 and 125.
125
What is the highest common factor of 7677 and 45?
9
What is the highest common factor of 135 and 2241?
27
Calculate the greatest common divisor of 236 and 4602.
118
Calculate the highest common divisor of 279 and 899.
31
What is the greatest common factor of 192 and 832?
64
What is the greatest common divisor of 14 and 574?
14
Calculate the greatest common factor of 91 and 623.
7
What is the highest common divisor of 2420 and 20?
20
Calculate the highest common factor of 21 and 189.
21
What is the highest common factor of 39 and 45?
3
Calculate the highest common divisor of 12 and 1776.
12
What is the greatest common divisor of 125 and 500?
125
Calculate the greatest common factor of 180 and 41670.
90
What is the highest common factor of 391 and 85?
17
What is the highest common factor of 32 and 12?
4
Calculate the highest common divisor of 90 and 234.
18
What is the highest common factor of 64 and 4?
4
Calculate the greatest common factor of 6720 and 208.
16
What is the highest common factor of 9297 and 9?
9
Calculate the greatest common factor of 8 and 148.
4
Calculate the highest common factor of 6342 and 28.
14
Calculate the highest common factor of 14 and 5719.
7
What is the highest common factor of 19517 and 29?
29
Calculate the highest common factor of 13 and 221.
13
What is the highest common divisor of 70 and 1995?
35
What is the highest common factor of 216 and 3051?
27
What is the greatest common factor of 26 and 26?
26
What is the greatest common factor of 15484 and 1896?
316
Calculate the greatest common factor of 560 and 448.
112
Calculate the highest common factor of 56 and 406.
14
Calculate the highest common divisor of 14 and 18.
2
What is the greatest common factor of 24546 and 6?
6
What is the greatest common divisor of 11 and 2706?
11
Calculate the greatest common factor of 2905 and 5.
5
What is the greatest common divisor of 184 and 2392?
184
What is the greatest common factor of 4 and 7348?
4
What is the highest common divisor of 1580 and 20?
20
What is the greatest common factor of 10370 and 136?
34
What is the highest common factor of 45 and 144?
9
What is the highest common factor of 3222 and 9?
9
Calculate the highest common divisor of 581 and 249.
83
What is the greatest common factor of 616 and 112?
56
Calculate the highest common divisor of 28 and 665.
7
What is the highest common factor of 375 and 4125?
375
What is the highest common factor of 104 and 472?
8
Calculate the greatest common divisor of 7684 and 68.
68
What is the greatest common divisor of 42 and 427?
7
What is the highest common factor of 198 and 63?
9
Calculate the greatest common divisor of 15983 and 11.
11
Calculate the highest common divisor of 13 and 1196.
13
Calculate the highest common divisor of 170 and 170.
170
What is the highest common factor of 27 and 27?
27
What is the highest common factor of 256 and 28?
4
What is the greatest common divisor of 2248 and 8?
8
What is the highest common factor of 321 and 2782?
107
Calculate the highest common factor of 26980 and 20.
20
What is the highest common factor of 140 and 3010?
70
What is the highest common divisor of 31 and 31?
31
Calculate the greatest common factor of 14 and 1022.
14
Calculate the greatest common divisor of 595 and 5117.
119
What is the highest common divisor of 56 and 152?
8
What is the greatest common divisor of 94 and 893?
47
Calculate the highest common divisor of 40 and 3740.
20
What is the highest common factor of 12 and 6?
6
Calculate the highest common divisor of 45 and 117.
9
What is the highest common divisor of 29357 and 31?
31
Calculate the greatest common divisor of 308 and 1408.
44
Calculate the greatest common divisor of 184 and 69.
23
What is the highest common divisor of 905 and 10?
5
Calculate the greatest common factor of 1230 and 480.
30
Calculate the highest common divisor of 245 and 5.
5
What is the greatest common divisor of 15 and 105?
15
What is the greatest common factor of 100 and 6140?
20
Calculate the highest common factor of 3403 and 83.
83
Calculate the greatest common divisor of 10 and 685.
5
What is the greatest common factor of 17 and 130951?
17
What is the greatest common factor of 675 and 1725?
75
What is the greatest common divisor of 6205 and 85?
85
Calculate the highest common factor of 4326 and 238.
14
Calculate the highest common factor of 45 and 30.
15
What is the highest common divisor of 12 and 123?
3
What is the highest common divisor of 69 and 1978?
23
Calculate the greatest common factor of 42 and 1239.
21
Calculate the greatest common divisor of 40 and 230.
10
Calculate the highest common factor of 306 and 238.
34
Calculate the greatest common factor of 16 and 2672.
16
Calculate the highest common factor of 260 and 80.
20
What is the highest common divisor of 6068 and 656?
164
What is the greatest common divisor of 120 and 8260?
20
What is the greatest common factor of 6240 and 3432?
312
Calculate the highest common divisor of 4 and 156.
4
What is the greatest common factor of 5232 and 416?
16
Calculate the highest common divisor of 14 and 35.
7
What is the highest common factor of 247 and 13?
13
Calculate the greatest common factor of 1558 and 82.
82
What is the greatest common factor of 689 and 1113?
53
Calculate the greatest common divisor of 52 and 1732.
4
What is the highest common factor of 52 and 47060?
52
Calculate the highest common factor of 9 and 99.
9
Calculate the highest common factor of 39 and 11089.
13
What is the greatest common divisor of 84 and 36708?
84
Calculate the greatest common factor of 77 and 132.
11
What is the highest common divisor of 135 and 1053?
27
What is the highest common divisor of 63 and 161?
7
Calculate the highest common divisor of 1235 and 95.
95
What is the greatest common divisor of 176 and 10648?
88
What is the greatest common factor of 407 and 1496?
11
Calculate the highest common divisor of 1696 and 4.
4
Calculate the greatest common factor of 1116 and 2356.
124
Calculate the greatest common divisor of 31 and 9579.
31
Calculate the highest common divisor of 4873 and 11.
11
Calculate the highest common divisor of 1974 and 98.
14
Calculate the greatest common factor of 116 and 928.
116
Calculate the highest common divisor of 154 and 341.
11
What is the greatest common divisor of 43497 and 243?
243
What is the highest common divisor of 24 and 1644?
12
Calculate the greatest common divisor of 451 and 820.
41
What is the greatest common factor of 230 and 20?
10
What is the highest common factor of 18 and 3114?
18
Calculate the highest common divisor of 10 and 1520.
10
Calculate the highest common factor of 3174 and 276.
138
Calculate the highest common divisor of 33 and 484.
11
Calculate the greatest common divisor of 26 and 702.
26
Calculate the highest common divisor of 55 and 95.
5
Calculate the highest common divisor of 3075 and 2829.
123
What is the highest common divisor of 79 and 5530?
79
What is the highest common factor of 264 and 594?
66
Calculate the greatest common factor of 150 and 1150.
50
What is the highest common divisor of 50 and 6625?
25
Calculate the greatest common factor of 13 and 9789.
13
Calculate the highest common divisor of 29 and 2349.
29
What is the highest common factor of 4774 and 1386?
154
What is the highest common factor of 754 and 116?
58
Calculate the highest common divisor of 4575 and 244.
61
Calculate the highest common factor of 128 and 13824.
128
Calculate the greatest common divisor of 273 and 189.
21
Calculate the highest common divisor of 36 and 450.
18
Calculate the highest common factor of 132 and 18.
6
What is the greatest common divisor of 480 and 636?
12
Calculate the greatest common factor of 72 and 63.
9
Calculate the highest common factor of 1331 and 605.
121
What is the highest common divisor of 253 and 92?
23
What 